+ 890992. Give g(-20).
-8
Let a(l) = 50997*l + 6527611. Calculate a(-128).
-5
Let x(o) = o**2 - 1135*o + 283850. Determine x(372).
14
Let y(m) = 371*m**2 - 2032*m + 2028. Give y(1).
367
Let o(v) = -467*v - 23813. Determine o(-51).
4
Let p(z) = 19886*z + 3997081. Calculate p(-201).
-5
Let q(g) = -g**2 - 1753*g - 162184. Determine q(-98).
6
Let m(h) = -89890*h + 18067892. Calculate m(201).
2
Let l(c) = -250*c - 36267. What is l(-145)?
-17
Let t(v) = -26*v**2 - 3516*v - 4294. Determine t(-134).
-6
Let u(j) = -10608340*j - 42433361. Give u(-4).
-1
Let d(w) = -w**3 + 452*w**2 - 5287*w + 39. Give d(12).
-45
Let k(p) = -3507*p - 185893. Determine k(-53).
-22
Let v(q) = -8258*q + 82316. Calculate v(10).
-264
Let o(k) = -k**2 - 245*k + 15362. What is o(68)?
-5922
Let w(o) = 60*o**2 - 7067*o - 1517. What is w(118)?
17
Let w(u) = 810*u - 79389. What is w(98)?
-9
Let p(l) = -378*l**2 - 2228*l + 233. Give p(-6).
-7
Let g(r) = 3*r**2 - 33*r - 850. Give g(-15).
320
Let s(f) = 10*f**3 + f**2 - 15091*f - 15091. Give s(-1).
-9
Let t(z) = 15*z**3 + 270*z**2 + 267*z + 367. What is t(-17)?
163
Let j(b) = -123*b**2 + 946*b + 287. What is j(8)?
-17
Let l(y) = -y**3 - 387*y**2 + 1393*y + 686689. Give l(-386).
-5
Let h(u) = 39*u**2 - 11780*u + 639. What is h(302)?
35
Let n(x) = 920*x**3 - 7*x**2 + 1662*x - 1654. What is n(1)?
921
Let h(j) = -12635*j - 46603. Determine h(-4).
3937
Let a(g) = g**3 + 25*g**2 - 589*g + 1711. What is a(12)?
-29
Let a(m) = -2*m**2 - 210*m + 1493. What is a(-107)?
1065
Let x(g) = -1315*g + 21083. What is x(16)?
43
Let d(x) = 134*x + 12732. What is d(-99)?
-534
Let l(n) = -31157*n + 3022201. What is l(97)?
-28
Let n(a) = -3460637*a - 17303181. Give n(-5).
4
Let y(c) = -473*c + 65726. Calculate y(139).
-21
Let x(s) = -342867*s + 1371468. Determine x(4).
0
Let k(g) = -19*g**2 + 89*g + 2037. Calculate k(-15).
-3573
Let a(q) = 1288*q**2 + 5061*q - 376. Give a(-4).
-12
Let d(u) = -1926*u - 1911. Determine d(-1).
15
Let a(q) = 4*q**2 - 701*q + 30598. Calculate a(93).
1
Let h(o) = -673606*o + 4715240. Give h(7).
-2
Let j(d) = 2085*d - 75271. Give j(36).
-211
Let v(g) = 8633*g + 2589900. Determine v(-300).
0
Let l(h) = h**3 + 97*h**2 + 368*h - 448. Calculate l(-5).
12
Let t(o) = 8590*o - 137443. Determine t(16).
-3
Let x(q) = -q**3 - 6*q**2 + 37*q + 194. What is x(-5)?
-16
Let t(v) = -v**3 + 128*v**2 + 260*v + 100. Calculate t(130).
100
Let v(k) = 3*k**3 + 126*k**2 - 3474*k - 147480. Determine v(-41).
-3
Let h(t) = 2*t**3 - 111*t**2 + 56383*t - 3160589. What is h(56)?
-5
Let q(f) = -3*f**2 + 1506*f - 56755. Give q(460).
1205
Let a(j) = 13*j**2 + 1237*j + 6. What is a(-96)?
1062
Let k(c) = -79*c + 345. What is k(6)?
-129
Let n(p) = p**2 + 357*p + 29429. Determine n(-129).
17
Let r(l) = -139619*l - 8237497. Determine r(-59).
24
Let a(v) = -212*v + 426. Give a(4).
-422
Let j(x) = -207*x - 3241. Calculate j(-15).
-136
Let j(d) = -83*d**2 - 1614*d - 6682. Give j(-6).
14
Let l(f) = 4493*f**2 - 17910*f + 10. What is l(4)?
258
Let d(g) = g**2 + 2863*g - 34670. Give d(12).
-170
Let t(f) = f**2 + 31011*f - 217129. Determine t(7).
-3
Let q(v) = 39*v**2 + 477*v - 12. What is q(-12)?
-120
Let z(b) = b**2 + 3138*b + 25250. Give z(-8).
210
Let p(y) = -122*y - 1412. What is p(-5)?
-802
Let t(i) = -i**2 + 2369*i - 53939. Give t(23).
19
Let o(f) = -126*f**3 + 1760*f**2 + 62*f - 11. Determine o(14).
73
Let t(s) = -s**3 - 301*s**2 + 1252*s + 9784. Give t(-305).
24
Let s(y) = 2*y**3 + 37*y**2 + 87*y + 52. Give s(-17).
-560
Let v(r) = 2454*r + 46627. Calculate v(-19).
1
Let v(a) = 9*a**3 + 107*a**2 + 174*a - 8. Determine v(-2).
0
Let g(n) = -19*n**3 - 128*n**2 - 6*n - 16. Calculate g(-8).
1568
Let w(g) = -14*g**2 - 487*g - 7008. Give w(-17).
-2775
Let k(q) = -7*q**3 - 171*q**2 - 62*q + 25. Calculate k(-24).
-215
Let z(v) = -v**3 + 88*v**2 + 1000*v - 1768. Give z(98).
192
Let s(f) = -2*f**3 - 14*f**2 + 1002*f + 54. What is s(-26)?
-310
Let h(v) = 2*v**3 + 78*v**2 + 889*v + 2747. Give h(-5).
2
Let a(z) = 3*z**3 + 6*z**2 - 4*z - 103. Calculate a(0).
-103
Let k(g) = g**2 + 2118*g + 427575. What is k(-226)?
-17
Let n(a) = -70*a - 1457. Calculate n(-8).
-897
Let n(a) = 2843*a - 145280. What is n(51)?
-287
Let l(g) = -3*g**3 - 1152*g**2 - 10125*g - 88. Determine l(-375).
-88
Let c(r) = -250*r + 25269. What is c(94)?
1769
Let g(i) = -i**3 + 45*i**2 + 767*i - 31630. Give g(47).
1
Let y(b) = 22486*b + 629594. Give y(-28).
-14
Let c(f) = f**2 - 52*f - 12242. Calculate c(-76).
-2514
Let v(c) = -3*c**3 - 74*c**2 + 2884*c + 71471. What is v(-25)?
-4
Let u(q) = -363*q**3 + 2539*q**2 + 17*q - 9. Determine u(7).
12
Let h(i) = i**3 + 533*i**2 + 33969*i + 1380. What is h(-459)?
3
Let u(w) = -w**3 + 41*w**2 - 317*w - 104. Calculate u(10).
-174
Let c(m) = 121*m**3 - 52*m**2 + 54*m - 2. What is c(1)?
121
Let i(o) = 3*o**2 - 27*o - 516. What is i(-8)?
-108
Let c(y) = -69*y - 4981. Calculate c(-70).
-151
Let v(j) = j**3 - 22*j**2 - 152*j + 1449. What is v(24)?
-1047
Let w(g) = g**3 - 368*g**2 - 2261*g + 6363. Give w(374).
5
Let i(o) = 8762*o**2 - 76*o + 3. Calculate i(0).
3
Let q(k) = k**3 + 168*k**2 - 15195*k - 11658. What is q(-233)?
-8
Let t(l) = l**3 + 113*l**2 + 686*l + 4859. What is t(-107)?
151
Let p(x) = -3*x**2 + 236*x - 650. What is p(79)?
-729
Let u(g) = g**2 + 476*g + 37045. Calculate u(-378).
1
Let p(q) = 905*q - 133802. Calculate p(148).
138
Let h(f) = 169141*f + 845716. What is h(-5)?
11
Let p(w) = 3154*w + 1006091. Give p(-319).
-35
Let f(m) = 29*m + 213. Give f(-53).
-1324
Let x(c) = 3*c**3 - 83*c**2 + 68*c - 196. Determine x(27).
182
Let i(o) = -21*o**2 + 340*o - 1710. Give i(5).
-535
Let t(i) = i**2 - 598*i - 80354. What is t(-114)?
814
Let k(w) = 96*w**2 - 2621*w + 733. What is k(27)?
-50
Let u(a) = -a**3 - 95*a**2 - 374*a - 476. Give u(-91).
434
Let s(m) = -m**3 + 56*m**2 + 2267*m - 123299. Calculate s(59).
11
Let c(s) = 74105*s - 1482101. What is c(20)?
-1
Let r(w) = w**3 + 25*w**2 + 179*w + 7792. What is r(-29)?
-763
Let c(v) = -16*v**3 + 943*v**2 + 64*v - 245. What is c(59)?
50
Let a(c) = 1238*c + 13538. Calculate a(-11).
-80
Let c(v) = 56505*v + 169513. Give c(-3).
-2
Let o(x) = -3*x**3 - 19*x**2 + 1142*x - 78. Calculate o(-23).
106
Let m(p) = -1233*p + 6907. Determine m(6).
-491
Let o(v) = -35*v + 3717. Calculate o(105).
42
Let h(m) = -1179*m**2 + 10615*m - 52. What is h(9)?
-16
Let h(z) = 61*z**3 + 303*z**2 - 19*z - 58. Calculate h(-5).
-13
Let n(q) = -2*q**3 - 103*q**2 - 157*q - 232. Give n(-50).
118
Let p(u) = 2060*u + 92699. What is p(-45)?
-1
Let l(q) = q**3 - 7*q**2 - 29*q + 18. What is l(9)?
-81
Let u(b) = -126*b**3 - 201*b**2 - 203*b - 1. What is u(-1)?
127
Let p(u) = 42242*u + 84450. Give p(-2).
-34
Let h(a) = 7*a**2 + 239*a - 1193. What is h(5)?
177
Let x(b) = b**3 - 25*b**2 - 209*b + 352. Calculate x(30).
-1418
Let s(o) = 3*o**2 - 68440*o - 821724. Determine s(-12).
-12
Let i(j) = 7*j**2 - 1053*j - 359. Determine i(151).
245
Let a(m) = -721*m**2 + 4310*m + 10. What is a(6)?
-86
Let g(o) = 3698*o - 59143. Determine g(16).
25
Let i(v) = 58*v + 3590. Determine i(-61).
52
Let x(r) = -10304*r + 10253. Calculate x(1).
-51
Let p(j) = 16*j**3 + 76*j**2 - 13*j - 10. What is p(-5)?
-45
Let n(w) = -2*w**2 - 3224843*w - 12899349. Give n(-4).
-9
Let p(c) = -3011*c + 5539. Determine p(2).
-483
Let d(k) = -3*k**2 - 5*k + 988. Determine d(20).
-312
Let d(j) = 2*j**2 - 74711*j - 12004963. What is d(-160)?
-3
Let z(q) = -q**3 - 92*q**2 + 777*q + 71028. Calculate z(-92).
-456
Let r(x) = -608*x - 3526. Determine r(-6).
122
Let s(o) = -28*o**3 - 4030*o**2 + 179*o - 15677. Determine s(-144).
19
Let v(a) = 13319*a + 66589. Give v(-5).
-6
Let t(k) = 5*k**3 - 467*k**2 - 506*k + 21011. Calculate t(94).
-45
Let c(b) = 237*b - 24963. Calculate c(105).
-78
Let b(s) = -5035*s + 196358. Calculate b(39).
-7
Let z(x) = -401*x**2 - 94633*x + 741. Calculate z(-236).
33
Let w(o) = -11767*o + 176599. Give w(15).
94
Let v(o) = 2584*o + 338498. Give v(-131).
-6
Let i(n) = -31*n - 3035. Calculate i(11).
-3376
Let s(q) = -125*q**3 - 189*q**2 - 4*q + 10. Calculate s(2).
-1754
Let u(c) = 45863*c - 50. Determine u(0).
-50
Let i(l) = 880*l**3 - 272800*l**2 + 2. Determine i(310).
2
Let j(h) = 8*h**2 + 1315*h + 2399. Determine j(-163).
606
Let j(f) = -1596309*f + 3192611. What is j(2)?
-7
Let s(g) = 